{"id":27,"date":"2024-06-13T21:51:19","date_gmt":"2024-06-13T19:51:19","guid":{"rendered":"https:\/\/eckplomberie-depannage.fr\/?page_id=27"},"modified":"2026-05-13T10:01:29","modified_gmt":"2026-05-13T08:01:29","slug":"tarifs","status":"publish","type":"page","link":"https:\/\/eckplomberie-depannage.fr\/?page_id=27","title":{"rendered":"Tarifs"},"content":{"rendered":"\n<p><\/p>\n\n\n\n<figure class=\"wp-block-table\"><table><tbody><tr><td>Main d&#8217;\u0153uvre<\/td><td>55\u20ac HT<\/td><\/tr><tr><td>D\u00e9placement (&lt;10km)<\/td><td>30\u20ac HT<\/td><\/tr><\/tbody><\/table><\/figure>\n\n\n\n<figure class=\"wp-block-table\"><table><tbody><tr><td>Forfait D\u00e9pannage :<br>1 h de main d&#8217;\u0153uvre <br>1 d\u00e9placement <br>joints inclus <br>&#8221; les pi\u00e8ces et raccords ne sont pas inclus&#8221; <br>Les 1 h d\u00e9pass\u00e9e il vous sera facture 55\u20ac HT de plus pour la main d&#8217;\u0153uvre .<\/td><td>110\u20ac HT<\/td><\/tr><tr><td>Forfait D\u00e9bouchage :<br>1 h de main d&#8217;\u0153uvre <br>1 d\u00e9placement<br>passage du furet ou de la pompe \u00e0 d\u00e9bouch\u00e9 <br>Les 1 h d\u00e9pass\u00e9 il vous sera factur\u00e9 55\u20ac HT de plus pour la main d&#8217;\u0153uvre .<\/td><td>150\u20ac HT<\/td><\/tr><\/tbody><\/table><\/figure>\n\n\n\n<div class=\"wp-block-group is-vertical is-layout-flex wp-container-core-group-is-layout-fe9cc265 wp-block-group-is-layout-flex\">\n<div class=\"wp-block-group has-global-padding is-layout-constrained wp-block-group-is-layout-constrained\">\n<div class=\"wp-block-group is-vertical is-layout-flex wp-container-core-group-is-layout-fe9cc265 wp-block-group-is-layout-flex\">\n<div class=\"wp-block-group is-vertical is-layout-flex wp-container-core-group-is-layout-fe9cc265 wp-block-group-is-layout-flex\">\n<p>Forfait remplacement de WC traditionnel sur pied comprenant: <\/p>\n\n\n\n<p>Main d&#8217;\u0153uvre , d\u00e9placement , pack WC G\u00e9b\u00e9rit , petite fourniture <\/p>\n<\/div>\n\n\n\n<p>506 Euros TTC pour les particuliers TVA \u00e0 10%<\/p>\n\n\n\n<figure class=\"wp-block-gallery has-nested-images columns-default is-cropped wp-block-gallery-1 is-layout-flex wp-block-gallery-is-layout-flex\">\n<figure class=\"wp-block-image size-large\"><img loading=\"lazy\" decoding=\"async\" width=\"771\" height=\"1024\" data-id=\"130\" src=\"https:\/\/eckplomberie-depannage.fr\/wp-content\/uploads\/2025\/06\/1722014231976-771x1024.jpg\" alt=\"\" class=\"wp-image-130\" srcset=\"https:\/\/eckplomberie-depannage.fr\/wp-content\/uploads\/2025\/06\/1722014231976-771x1024.jpg 771w, https:\/\/eckplomberie-depannage.fr\/wp-content\/uploads\/2025\/06\/1722014231976-226x300.jpg 226w, https:\/\/eckplomberie-depannage.fr\/wp-content\/uploads\/2025\/06\/1722014231976-768x1020.jpg 768w, https:\/\/eckplomberie-depannage.fr\/wp-content\/uploads\/2025\/06\/1722014231976-1157x1536.jpg 1157w, https:\/\/eckplomberie-depannage.fr\/wp-content\/uploads\/2025\/06\/1722014231976-1542x2048.jpg 1542w, https:\/\/eckplomberie-depannage.fr\/wp-content\/uploads\/2025\/06\/1722014231976-scaled.jpg 1928w\" sizes=\"auto, (max-width: 771px) 100vw, 771px\" \/><\/figure>\n<\/figure>\n<\/div>\n<\/div>\n<\/div>\n\n\n\n<figure class=\"wp-block-gallery has-nested-images columns-default is-cropped wp-block-gallery-2 is-layout-flex wp-block-gallery-is-layout-flex\">\n<figure class=\"wp-block-image size-large\"><img loading=\"lazy\" decoding=\"async\" width=\"683\" height=\"1024\" data-id=\"139\" src=\"https:\/\/eckplomberie-depannage.fr\/wp-content\/uploads\/2026\/05\/ChatGPT-Image-4-mai-2026-15_26_32-683x1024.png\" alt=\"\" class=\"wp-image-139\" srcset=\"https:\/\/eckplomberie-depannage.fr\/wp-content\/uploads\/2026\/05\/ChatGPT-Image-4-mai-2026-15_26_32-683x1024.png 683w, https:\/\/eckplomberie-depannage.fr\/wp-content\/uploads\/2026\/05\/ChatGPT-Image-4-mai-2026-15_26_32-200x300.png 200w, https:\/\/eckplomberie-depannage.fr\/wp-content\/uploads\/2026\/05\/ChatGPT-Image-4-mai-2026-15_26_32-768x1152.png 768w, https:\/\/eckplomberie-depannage.fr\/wp-content\/uploads\/2026\/05\/ChatGPT-Image-4-mai-2026-15_26_32.png 1024w\" sizes=\"auto, (max-width: 683px) 100vw, 683px\" \/><\/figure>\n<\/figure>\n","protected":false},"excerpt":{"rendered":"<p>Main d&#8217;\u0153uvre 55\u20ac HT D\u00e9placement (&lt;10km) 30\u20ac HT Forfait D\u00e9pannage :1 h de main d&#8217;\u0153uvre 1 d\u00e9placement joints inclus &#8221; les pi\u00e8ces et raccords ne sont pas inclus&#8221; Les 1 h d\u00e9pass\u00e9e il vous sera facture 55\u20ac HT de plus pour la main d&#8217;\u0153uvre . 110\u20ac HT Forfait D\u00e9bouchage :1 h de main d&#8217;\u0153uvre 1 [&hellip;]<\/p>\n","protected":false},"author":1,"featured_media":0,"parent":0,"menu_order":0,"comment_status":"closed","ping_status":"closed","template":"","meta":{"footnotes":""},"class_list":["post-27","page","type-page","status-publish","hentry"],"_links":{"self":[{"href":"https:\/\/eckplomberie-depannage.fr\/index.php?rest_route=\/wp\/v2\/pages\/27","targetHints":{"allow":["GET"]}}],"collection":[{"href":"https:\/\/eckplomberie-depannage.fr\/index.php?rest_route=\/wp\/v2\/pages"}],"about":[{"href":"https:\/\/eckplomberie-depannage.fr\/index.php?rest_route=\/wp\/v2\/types\/page"}],"author":[{"embeddable":true,"href":"https:\/\/eckplomberie-depannage.fr\/index.php?rest_route=\/wp\/v2\/users\/1"}],"replies":[{"embeddable":true,"href":"https:\/\/eckplomberie-depannage.fr\/index.php?rest_route=%2Fwp%2Fv2%2Fcomments&post=27"}],"version-history":[{"count":7,"href":"https:\/\/eckplomberie-depannage.fr\/index.php?rest_route=\/wp\/v2\/pages\/27\/revisions"}],"predecessor-version":[{"id":141,"href":"https:\/\/eckplomberie-depannage.fr\/index.php?rest_route=\/wp\/v2\/pages\/27\/revisions\/141"}],"wp:attachment":[{"href":"https:\/\/eckplomberie-depannage.fr\/index.php?rest_route=%2Fwp%2Fv2%2Fmedia&parent=27"}],"curies":[{"name":"wp","href":"https:\/\/api.w.org\/{rel}","templated":true}]}}